{"id":80,"date":"2019-07-02T04:25:56","date_gmt":"2019-07-02T04:25:56","guid":{"rendered":"https:\/\/127.0.0.1\/yoga%20instructor\/?page_id=80"},"modified":"2024-07-01T20:10:05","modified_gmt":"2024-07-01T20:10:05","slug":"about","status":"publish","type":"page","link":"https:\/\/fesaserver.com\/edsa\/about\/","title":{"rendered":"About"},"content":{"rendered":"\t\t<div data-elementor-type=\"wp-post\" data-elementor-id=\"80\" class=\"elementor elementor-80\">\n\t\t\t\t\t\t<section class=\"elementor-section elementor-top-section elementor-element elementor-element-5c58327 elementor-section-stretched elementor-section-boxed elementor-section-height-default elementor-section-height-default\" data-id=\"5c58327\" data-element_type=\"section\" data-settings=\"{&quot;background_background&quot;:&quot;video&quot;,&quot;stretch_section&quot;:&quot;section-stretched&quot;,&quot;_ha_eqh_enable&quot;:false}\">\n\t\t\t\t\t\t<div class=\"elementor-container elementor-column-gap-default\">\n\t\t\t\t\t<div class=\"elementor-column elementor-col-50 elementor-top-column elementor-element elementor-element-b31c51a\" data-id=\"b31c51a\" data-element_type=\"column\" data-settings=\"{&quot;background_background&quot;:&quot;classic&quot;}\">\n\t\t\t<div class=\"elementor-widget-wrap elementor-element-populated\">\n\t\t\t\t\t\t<div class=\"elementor-element elementor-element-afe8ee8 ha-has-bg-overlay elementor-widget elementor-widget-image\" data-id=\"afe8ee8\" data-element_type=\"widget\" data-settings=\"{&quot;ha_floating_fx&quot;:&quot;yes&quot;,&quot;ha_floating_fx_translate_toggle&quot;:&quot;yes&quot;,&quot;ha_floating_fx_translate_y&quot;:{&quot;unit&quot;:&quot;px&quot;,&quot;size&quot;:&quot;&quot;,&quot;sizes&quot;:{&quot;from&quot;:-8,&quot;to&quot;:17}},&quot;ha_floating_fx_translate_x&quot;:{&quot;unit&quot;:&quot;px&quot;,&quot;size&quot;:&quot;&quot;,&quot;sizes&quot;:{&quot;from&quot;:0,&quot;to&quot;:5}},&quot;ha_floating_fx_translate_duration&quot;:{&quot;unit&quot;:&quot;px&quot;,&quot;size&quot;:1000,&quot;sizes&quot;:[]},&quot;ha_floating_fx_translate_delay&quot;:{&quot;unit&quot;:&quot;px&quot;,&quot;size&quot;:&quot;&quot;,&quot;sizes&quot;:[]}}\" data-widget_type=\"image.default\">\n\t\t\t\t<div class=\"elementor-widget-container\">\n\t\t\t\t\t\t\t\t\t\t\t\t\t<img fetchpriority=\"high\" decoding=\"async\" width=\"949\" height=\"1269\" src=\"https:\/\/fesaserver.com\/edsa\/wp-content\/uploads\/2024\/07\/front-view-girl-playing-basketball-copia.png\" class=\"attachment-full size-full wp-image-2447\" alt=\"\" srcset=\"https:\/\/fesaserver.com\/edsa\/wp-content\/uploads\/2024\/07\/front-view-girl-playing-basketball-copia.png 949w, https:\/\/fesaserver.com\/edsa\/wp-content\/uploads\/2024\/07\/front-view-girl-playing-basketball-copia-224x300.png 224w, https:\/\/fesaserver.com\/edsa\/wp-content\/uploads\/2024\/07\/front-view-girl-playing-basketball-copia-766x1024.png 766w, https:\/\/fesaserver.com\/edsa\/wp-content\/uploads\/2024\/07\/front-view-girl-playing-basketball-copia-768x1027.png 768w, https:\/\/fesaserver.com\/edsa\/wp-content\/uploads\/2024\/07\/front-view-girl-playing-basketball-copia-100x134.png 100w, https:\/\/fesaserver.com\/edsa\/wp-content\/uploads\/2024\/07\/front-view-girl-playing-basketball-copia-150x201.png 150w, https:\/\/fesaserver.com\/edsa\/wp-content\/uploads\/2024\/07\/front-view-girl-playing-basketball-copia-200x267.png 200w, https:\/\/fesaserver.com\/edsa\/wp-content\/uploads\/2024\/07\/front-view-girl-playing-basketball-copia-300x401.png 300w, https:\/\/fesaserver.com\/edsa\/wp-content\/uploads\/2024\/07\/front-view-girl-playing-basketball-copia-450x602.png 450w, https:\/\/fesaserver.com\/edsa\/wp-content\/uploads\/2024\/07\/front-view-girl-playing-basketball-copia-600x802.png 600w, https:\/\/fesaserver.com\/edsa\/wp-content\/uploads\/2024\/07\/front-view-girl-playing-basketball-copia-900x1203.png 900w\" sizes=\"(max-width: 949px) 100vw, 949px\" \/>\t\t\t\t\t\t\t\t\t\t\t\t\t<\/div>\n\t\t\t\t<\/div>\n\t\t\t\t\t<\/div>\n\t\t<\/div>\n\t\t\t\t<div class=\"elementor-column elementor-col-50 elementor-top-column elementor-element elementor-element-d4844e5\" data-id=\"d4844e5\" data-element_type=\"column\">\n\t\t\t<div class=\"elementor-widget-wrap elementor-element-populated\">\n\t\t\t\t\t\t<div class=\"elementor-element elementor-element-9857f72 elementor-widget elementor-widget-heading\" data-id=\"9857f72\" data-element_type=\"widget\" data-widget_type=\"heading.default\">\n\t\t\t\t<div class=\"elementor-widget-container\">\n\t\t\t<h2 class=\"elementor-heading-title elementor-size-default\">Quienes Somos<\/h2>\t\t<\/div>\n\t\t\t\t<\/div>\n\t\t\t\t<div class=\"elementor-element elementor-element-3c175a3 elementor-widget elementor-widget-heading\" data-id=\"3c175a3\" data-element_type=\"widget\" data-widget_type=\"heading.default\">\n\t\t\t\t<div class=\"elementor-widget-container\">\n\t\t\t<p class=\"elementor-heading-title elementor-size-default\">Hace un tiempo decidimos abrir la Escuela de Deportes San Agustin, ten\u00edamos y tenemos una meta muy clara, queremos que te desarrolles en el \u00e1rea del deporte y que puedas ser t\u00fa misma, t\u00fa mismo en nuestro espacio.\n<br\/><br\/>\nEntonces trajemos a las y los mejores instructores en sus diferentes disciplinas.  Queremos que desarrolles todo tu potencial con nosotros y los mejores est\u00e1n en la Escuela de Deportes San Agust\u00edn.  Tenemos todo el material, las instalaciones y estamos listos para recibirte.<\/p>\t\t<\/div>\n\t\t\t\t<\/div>\n\t\t\t\t\t<\/div>\n\t\t<\/div>\n\t\t\t\t\t<\/div>\n\t\t<\/section>\n\t\t\t\t<section class=\"elementor-section elementor-top-section elementor-element elementor-element-40af91b elementor-section-stretched elementor-section-boxed elementor-section-height-default elementor-section-height-default\" data-id=\"40af91b\" data-element_type=\"section\" data-settings=\"{&quot;background_background&quot;:&quot;classic&quot;,&quot;stretch_section&quot;:&quot;section-stretched&quot;,&quot;_ha_eqh_enable&quot;:false}\">\n\t\t\t\t\t\t<div class=\"elementor-container elementor-column-gap-default\">\n\t\t\t\t\t<div class=\"elementor-column elementor-col-50 elementor-top-column elementor-element elementor-element-871d893\" data-id=\"871d893\" data-element_type=\"column\">\n\t\t\t<div class=\"elementor-widget-wrap elementor-element-populated\">\n\t\t\t\t\t\t<div class=\"elementor-element elementor-element-9ad09fe elementor-widget elementor-widget-image\" data-id=\"9ad09fe\" data-element_type=\"widget\" data-widget_type=\"image.default\">\n\t\t\t\t<div class=\"elementor-widget-container\">\n\t\t\t\t\t\t\t\t\t\t\t\t\t<img decoding=\"async\" width=\"296\" height=\"300\" src=\"https:\/\/fesaserver.com\/edsa\/wp-content\/uploads\/2024\/06\/logo-escuela-de-deporte_Mesa-de-trabajo-1-296x300.png\" class=\"attachment-medium size-medium wp-image-2126\" alt=\"\" srcset=\"https:\/\/fesaserver.com\/edsa\/wp-content\/uploads\/2024\/06\/logo-escuela-de-deporte_Mesa-de-trabajo-1-296x300.png 296w, https:\/\/fesaserver.com\/edsa\/wp-content\/uploads\/2024\/06\/logo-escuela-de-deporte_Mesa-de-trabajo-1-1009x1024.png 1009w, https:\/\/fesaserver.com\/edsa\/wp-content\/uploads\/2024\/06\/logo-escuela-de-deporte_Mesa-de-trabajo-1-768x779.png 768w, https:\/\/fesaserver.com\/edsa\/wp-content\/uploads\/2024\/06\/logo-escuela-de-deporte_Mesa-de-trabajo-1-1513x1536.png 1513w, https:\/\/fesaserver.com\/edsa\/wp-content\/uploads\/2024\/06\/logo-escuela-de-deporte_Mesa-de-trabajo-1-2018x2048.png 2018w, https:\/\/fesaserver.com\/edsa\/wp-content\/uploads\/2024\/06\/logo-escuela-de-deporte_Mesa-de-trabajo-1-100x101.png 100w, https:\/\/fesaserver.com\/edsa\/wp-content\/uploads\/2024\/06\/logo-escuela-de-deporte_Mesa-de-trabajo-1-150x152.png 150w, https:\/\/fesaserver.com\/edsa\/wp-content\/uploads\/2024\/06\/logo-escuela-de-deporte_Mesa-de-trabajo-1-200x203.png 200w, https:\/\/fesaserver.com\/edsa\/wp-content\/uploads\/2024\/06\/logo-escuela-de-deporte_Mesa-de-trabajo-1-300x304.png 300w, https:\/\/fesaserver.com\/edsa\/wp-content\/uploads\/2024\/06\/logo-escuela-de-deporte_Mesa-de-trabajo-1-450x457.png 450w, https:\/\/fesaserver.com\/edsa\/wp-content\/uploads\/2024\/06\/logo-escuela-de-deporte_Mesa-de-trabajo-1-600x609.png 600w, https:\/\/fesaserver.com\/edsa\/wp-content\/uploads\/2024\/06\/logo-escuela-de-deporte_Mesa-de-trabajo-1-900x913.png 900w\" sizes=\"(max-width: 296px) 100vw, 296px\" \/>\t\t\t\t\t\t\t\t\t\t\t\t\t<\/div>\n\t\t\t\t<\/div>\n\t\t\t\t\t<\/div>\n\t\t<\/div>\n\t\t\t\t<div class=\"elementor-column elementor-col-50 elementor-top-column elementor-element elementor-element-7d6ad52\" data-id=\"7d6ad52\" data-element_type=\"column\">\n\t\t\t<div class=\"elementor-widget-wrap elementor-element-populated\">\n\t\t\t\t\t\t<div class=\"elementor-element elementor-element-f092671 elementor-widget elementor-widget-heading\" data-id=\"f092671\" data-element_type=\"widget\" data-widget_type=\"heading.default\">\n\t\t\t\t<div class=\"elementor-widget-container\">\n\t\t\t<h2 class=\"elementor-heading-title elementor-size-default\">Contactos<\/h2>\t\t<\/div>\n\t\t\t\t<\/div>\n\t\t\t\t<div class=\"elementor-element elementor-element-feeeeda elementor-widget elementor-widget-heading\" data-id=\"feeeeda\" data-element_type=\"widget\" data-widget_type=\"heading.default\">\n\t\t\t\t<div class=\"elementor-widget-container\">\n\t\t\t<p class=\"elementor-heading-title elementor-size-default\">Zona Tupuraya: Av. Am\u00e9rica N\u00ba 1359<\/p>\t\t<\/div>\n\t\t\t\t<\/div>\n\t\t\t\t<div class=\"elementor-element elementor-element-7e35054 elementor-widget elementor-widget-heading\" data-id=\"7e35054\" data-element_type=\"widget\" data-widget_type=\"heading.default\">\n\t\t\t\t<div class=\"elementor-widget-container\">\n\t\t\t<h2 class=\"elementor-heading-title elementor-size-default\">+591 69472616<\/h2>\t\t<\/div>\n\t\t\t\t<\/div>\n\t\t\t\t<div class=\"elementor-element elementor-element-b0b7a15 elementor-shape-rounded elementor-grid-0 e-grid-align-center elementor-widget elementor-widget-social-icons\" data-id=\"b0b7a15\" data-element_type=\"widget\" data-widget_type=\"social-icons.default\">\n\t\t\t\t<div class=\"elementor-widget-container\">\n\t\t\t\t\t<div class=\"elementor-social-icons-wrapper elementor-grid\">\n\t\t\t\t\t\t\t<span class=\"elementor-grid-item\">\n\t\t\t\t\t<a class=\"elementor-icon elementor-social-icon elementor-social-icon-facebook elementor-repeater-item-ce52681\" href=\"https:\/\/www.facebook.com\/Escuela.Deportes.San.Agustin\" target=\"_blank\">\n\t\t\t\t\t\t<span class=\"elementor-screen-only\">Facebook<\/span>\n\t\t\t\t\t\t\t\t\t\t\t\t\t<i class=\"fa fa-facebook\"><\/i>\n\t\t\t\t\t\t\t\t\t\t\t<\/a>\n\t\t\t\t<\/span>\n\t\t\t\t\t\t\t<span class=\"elementor-grid-item\">\n\t\t\t\t\t<a class=\"elementor-icon elementor-social-icon elementor-social-icon-twitter elementor-repeater-item-df2d2b7\" href=\"https:\/\/www.instagram.com\/escuela.deportes.san.agustin\/\" target=\"_blank\">\n\t\t\t\t\t\t<span class=\"elementor-screen-only\">Twitter<\/span>\n\t\t\t\t\t\t\t\t\t\t\t\t\t<i class=\"fa fa-twitter\"><\/i>\n\t\t\t\t\t\t\t\t\t\t\t<\/a>\n\t\t\t\t<\/span>\n\t\t\t\t\t\t\t<span class=\"elementor-grid-item\">\n\t\t\t\t\t<a class=\"elementor-icon elementor-social-icon elementor-social-icon-google-plus elementor-repeater-item-074fd42\" href=\"https:\/\/www.tiktok.com\/@escuela.deportes.sa\" target=\"_blank\">\n\t\t\t\t\t\t<span class=\"elementor-screen-only\">Google-plus<\/span>\n\t\t\t\t\t\t\t\t\t\t\t\t\t<i class=\"fa fa-google-plus\"><\/i>\n\t\t\t\t\t\t\t\t\t\t\t<\/a>\n\t\t\t\t<\/span>\n\t\t\t\t\t<\/div>\n\t\t\t\t<\/div>\n\t\t\t\t<\/div>\n\t\t\t\t\t<\/div>\n\t\t<\/div>\n\t\t\t\t\t<\/div>\n\t\t<\/section>\n\t\t\t\t<\/div>\n\t\t","protected":false},"excerpt":{"rendered":"<p>Quienes Somos Hace un tiempo decidimos abrir la Escuela de Deportes San Agustin, ten\u00edamos y tenemos una meta muy clara, queremos que te desarrolles en el \u00e1rea del deporte y que puedas ser t\u00fa misma, t\u00fa mismo en nuestro espacio. &hellip;<\/p>\n<p class=\"read-more\"> <a class=\"more-link\" href=\"https:\/\/fesaserver.com\/edsa\/about\/\"> <span class=\"screen-reader-text\">About<\/span> Read More &raquo;<\/a><\/p>\n","protected":false},"author":1,"featured_media":0,"parent":0,"menu_order":0,"comment_status":"closed","ping_status":"closed","template":"elementor_header_footer","meta":{"footnotes":""},"featured_image_src":"","featured_image_src_square":false,"rbea_author_info":{"display_name":"juan.choque","author_link":"https:\/\/fesaserver.com\/edsa\/author\/juan-choque\/"},"rbea_excerpt_info":"Quienes Somos Hace un tiempo decidimos abrir la Escuela de Deportes San Agustin, ten\u00edamos y tenemos una meta muy clara, queremos que te desarrolles en el \u00e1rea del deporte y que puedas ser t\u00fa misma, t\u00fa mismo en nuestro espacio. &hellip;<p class=\"read-more\"> <a class=\"more-link\" href=\"https:\/\/fesaserver.com\/edsa\/about\/\"> <span class=\"screen-reader-text\">About<\/span> Read More &raquo;<\/a><\/p>","_links":{"self":[{"href":"https:\/\/fesaserver.com\/edsa\/wp-json\/wp\/v2\/pages\/80"}],"collection":[{"href":"https:\/\/fesaserver.com\/edsa\/wp-json\/wp\/v2\/pages"}],"about":[{"href":"https:\/\/fesaserver.com\/edsa\/wp-json\/wp\/v2\/types\/page"}],"author":[{"embeddable":true,"href":"https:\/\/fesaserver.com\/edsa\/wp-json\/wp\/v2\/users\/1"}],"replies":[{"embeddable":true,"href":"https:\/\/fesaserver.com\/edsa\/wp-json\/wp\/v2\/comments?post=80"}],"version-history":[{"count":37,"href":"https:\/\/fesaserver.com\/edsa\/wp-json\/wp\/v2\/pages\/80\/revisions"}],"predecessor-version":[{"id":2463,"href":"https:\/\/fesaserver.com\/edsa\/wp-json\/wp\/v2\/pages\/80\/revisions\/2463"}],"wp:attachment":[{"href":"https:\/\/fesaserver.com\/edsa\/wp-json\/wp\/v2\/media?parent=80"}],"curies":[{"name":"wp","href":"https:\/\/api.w.org\/{rel}","templated":true}]}}